{"id":3171,"date":"2025-07-30T18:10:06","date_gmt":"2025-07-30T18:10:06","guid":{"rendered":"https:\/\/circulopropiedades.uy\/home\/?post_type=product&#038;p=3171"},"modified":"2026-02-26T22:40:29","modified_gmt":"2026-02-26T22:40:29","slug":"apartamento-luminoso-2-dorm-con-balcon-al-frente","status":"publish","type":"product","link":"https:\/\/circulopropiedades.uy\/home\/producto\/apartamento-luminoso-2-dorm-con-balcon-al-frente\/","title":{"rendered":"Apartamento luminoso, 2 dormitorios. Con balc\u00f3n Al frente"},"content":{"rendered":"<p><strong>Precio de venta: USD 149.000<\/strong><br \/>\n<strong>Admite banco.\u00a0<\/strong><br \/>\n<strong>GC: $ 4.657<\/strong><\/p>\n<p>Encantador apartamento ubicado en pleno barrio Aguada, Montevideo. Impecablemente conservado y listo para habitar.<\/p>\n<p>Esta propiedad se distingue por su cercan\u00eda a puntos emblem\u00e1ticos: a pasos del Palacio Legislativo, el Mercado Agr\u00edcola de Montevideo (MAM), la Torre de las Telecomunicaciones (ANTEL) y numerosos espacios hist\u00f3ricos, culturales y gastron\u00f3micos adem\u00e1s de centros comerciales y varias de las principales avenidas de la ciudad lo que hace que sea un punto privilegiado en cuanto a conexiones, transporte y servicios.<\/p>\n<p>Situado en una primera planta por escalera, la unidad al frente en un edificio de 2 niveles y solo 3 unidades por piso, ofrece privacidad y tranquilidad. La distribuci\u00f3n funcional incluye 2 dormitorios al frente de buenas dimensiones, muy iluminados con pisos de madera plastificados, doble ventana en dormitorio principal y abertura con reja en el segundo dormitorio. Living comedor luminoso con divisi\u00f3n plegable, abertura al frente con salida al balc\u00f3n de 7m2 y otra lateral que proporciona luz natural y ventilaci\u00f3n a los ambientes. Ba\u00f1o completo con extracci\u00f3n, ventilaci\u00f3n y armarios, cocina definida con acceso a terraza lavadero con abertura de aluminio.<\/p>\n<p>Cuenta adem\u00e1s con aires acondicionados en comedor y dormitorio principal.<\/p>\n<p>Los gastos comunes incluyen fondo de obra, destacando que el edificio es permanentemente mantenido y bien administrado.<br \/>\nServicios privados de limpieza y sanitaria.<\/p>\n<p>Tributos, contribuci\u00f3n inmobiliaria y primaria muy accesibles. Este apartamento no solo ofrece confort y car\u00e1cter, sino tambi\u00e9n una ubicaci\u00f3n privilegiada, rodeado de arquitectura emblem\u00e1tica, servicios, cultura y movilidad.<br \/>\nUna propuesta especialmente atractiva para familias, j\u00f3venes, profesionales o inversores que valoran comodidad y estilo de vida.<\/p>\n<p>\u00a1Comunicate con nosotros y agendemos tu visita ahora!<strong><br \/>\n<\/strong><\/p>\n","protected":false},"excerpt":{"rendered":"<p><span style=\"color: #000080\">Excelente estado<\/span><\/p>\n","protected":false},"featured_media":3172,"template":"","meta":[],"product_brand":[],"product_cat":[24],"product_tag":[],"class_list":{"0":"post-3171","1":"product","2":"type-product","3":"status-publish","4":"has-post-thumbnail","6":"product_cat-ventas","8":"first","9":"instock","10":"featured","11":"shipping-taxable","12":"product-type-simple"},"_links":{"self":[{"href":"https:\/\/circulopropiedades.uy\/home\/wp-json\/wp\/v2\/product\/3171","targetHints":{"allow":["GET"]}}],"collection":[{"href":"https:\/\/circulopropiedades.uy\/home\/wp-json\/wp\/v2\/product"}],"about":[{"href":"https:\/\/circulopropiedades.uy\/home\/wp-json\/wp\/v2\/types\/product"}],"wp:featuredmedia":[{"embeddable":true,"href":"https:\/\/circulopropiedades.uy\/home\/wp-json\/wp\/v2\/media\/3172"}],"wp:attachment":[{"href":"https:\/\/circulopropiedades.uy\/home\/wp-json\/wp\/v2\/media?parent=3171"}],"wp:term":[{"taxonomy":"product_brand","embeddable":true,"href":"https:\/\/circulopropiedades.uy\/home\/wp-json\/wp\/v2\/product_brand?post=3171"},{"taxonomy":"product_cat","embeddable":true,"href":"https:\/\/circulopropiedades.uy\/home\/wp-json\/wp\/v2\/product_cat?post=3171"},{"taxonomy":"product_tag","embeddable":true,"href":"https:\/\/circulopropiedades.uy\/home\/wp-json\/wp\/v2\/product_tag?post=3171"}],"curies":[{"name":"wp","href":"https:\/\/api.w.org\/{rel}","templated":true}]}}