{"id":3004,"date":"2024-05-07T19:16:12","date_gmt":"2024-05-07T19:16:12","guid":{"rendered":"https:\/\/circulopropiedades.uy\/home\/?post_type=product&#038;p=3004"},"modified":"2024-05-07T19:16:26","modified_gmt":"2024-05-07T19:16:26","slug":"apartamento-a-estrenar-en-tres-cruces-excelente-ubicacion","status":"publish","type":"product","link":"https:\/\/circulopropiedades.uy\/home\/producto\/apartamento-a-estrenar-en-tres-cruces-excelente-ubicacion\/","title":{"rendered":"Apartamento a estrenar en Tres Cruces. Excelente ubicaci\u00f3n."},"content":{"rendered":"<p><strong>Precio de venta: USD 210.000<\/strong><br \/>\n<strong>Acepta financiaci\u00f3n bancaria<\/strong><\/p>\n<p>&nbsp;<\/p>\n<p>En venta, este magn\u00edfico apartamento listo para estrenar de 2 dormitorios y 1 ba\u00f1o en Tres Cruces, Montevideo. Idealmente ubicado se ubica en el coraz\u00f3n de una zona residencial consolidada con amplia oferta de servicios, a pasos de la terminal y Shopping Tres Cruces, desde donde parten buses de pasajeros a todas partes del pa\u00eds, Argentina y Brasil.<\/p>\n<p>Una excelente localizaci\u00f3n, con gran accesibilidad, cercano a centros educativos para todas las edades p\u00fablicos y privados. As\u00ed como tambi\u00e9n a universidades, centros de salud, zonas de esparcimiento, parques, plazas, centros deportivos pista de atletismo y mucho m\u00e1s.<\/p>\n<p>Al ingresar a la propiedad, encontramos la cocina integrada que ofrece un dise\u00f1o moderno y funcional. Con mobiliario, espacio para campana extractora, horno, anafe y heladera. Un acogedor living comedor que brinda amplitud debido a sus dimensiones. Adem\u00e1s, cuenta con un balc\u00f3n donde se puede disfrutar de vistas panor\u00e1micas despejadas de la ciudad.<\/p>\n<p>Todas las aberturas son pr\u00e1cticamente de piso a techo permitiendo un excelente ingreso de luz natural tanto en living comedor como en dormitorios y excelente ventilaci\u00f3n. Adem\u00e1s todas cuentan con cortinas de enrollar.<\/p>\n<p>El ba\u00f1o completo de buenas dimensiones, con revestimiento de porcelanato, muebles de ba\u00f1o con bacha integrada y espejo. Grifer\u00eda y loza sanitaria de alta calidad<\/p>\n<p>Los dormitorios, ambos con placares empotrados, muy c\u00f3modos, con varios tomas el\u00e9ctricos previstos para que no haya dificultades en cuanto a conexiones y ambos con salida a balc\u00f3n al frente con espacio previsto para aires acondicionados.<\/p>\n<p>Este apartamento cuenta con amenidades de lujo, como cochera fija en garaje para mayor comodidad. Los residentes tambi\u00e9n tienen acceso a barbacoa, gimnasio con vista panor\u00e1mica, lavander\u00eda, sal\u00f3n de uso com\u00fan, Co-Work. Adem\u00e1s, portero el\u00e9ctrico con visor, c\u00e1maras de seguridad CCTV, porter\u00eda las 24 horas, port\u00f3n el\u00e9ctrico y equipo electr\u00f3geno que brindan tranquilidad y seguridad.<\/p>\n<p>Una opci\u00f3n confortable que incluye los servicios y amenities que necesitas para hacer tu vida m\u00e1s simple y placentera, con gran privacidad.<\/p>\n<p>Con muy buen precio, esta propiedad representa una oportunidad excepcional en el mercado inmobiliario de Montevideo.<\/p>\n<p>No pierda la oportunidad de adquirir este moderno apartamento.<\/p>\n<p>\u00a1Cont\u00e1ctenos para m\u00e1s informaci\u00f3n y agende su visita hoy mismo!<\/p>\n","protected":false},"excerpt":{"rendered":"<p><span style=\"color: #000080\">Con cochera fija.<\/span><\/p>\n","protected":false},"featured_media":3005,"template":"","meta":[],"product_brand":[],"product_cat":[24],"product_tag":[],"class_list":{"0":"post-3004","1":"product","2":"type-product","3":"status-publish","4":"has-post-thumbnail","6":"product_cat-ventas","8":"first","9":"instock","10":"featured","11":"shipping-taxable","12":"product-type-simple"},"_links":{"self":[{"href":"https:\/\/circulopropiedades.uy\/home\/wp-json\/wp\/v2\/product\/3004","targetHints":{"allow":["GET"]}}],"collection":[{"href":"https:\/\/circulopropiedades.uy\/home\/wp-json\/wp\/v2\/product"}],"about":[{"href":"https:\/\/circulopropiedades.uy\/home\/wp-json\/wp\/v2\/types\/product"}],"wp:featuredmedia":[{"embeddable":true,"href":"https:\/\/circulopropiedades.uy\/home\/wp-json\/wp\/v2\/media\/3005"}],"wp:attachment":[{"href":"https:\/\/circulopropiedades.uy\/home\/wp-json\/wp\/v2\/media?parent=3004"}],"wp:term":[{"taxonomy":"product_brand","embeddable":true,"href":"https:\/\/circulopropiedades.uy\/home\/wp-json\/wp\/v2\/product_brand?post=3004"},{"taxonomy":"product_cat","embeddable":true,"href":"https:\/\/circulopropiedades.uy\/home\/wp-json\/wp\/v2\/product_cat?post=3004"},{"taxonomy":"product_tag","embeddable":true,"href":"https:\/\/circulopropiedades.uy\/home\/wp-json\/wp\/v2\/product_tag?post=3004"}],"curies":[{"name":"wp","href":"https:\/\/api.w.org\/{rel}","templated":true}]}}