{"id":2790,"date":"2023-10-23T18:35:11","date_gmt":"2023-10-23T18:35:11","guid":{"rendered":"https:\/\/circulopropiedades.uy\/home\/?post_type=product&#038;p=2790"},"modified":"2023-11-17T23:36:30","modified_gmt":"2023-11-17T23:36:30","slug":"apartamento-3-dormitorios-2-banos-en-centro","status":"publish","type":"product","link":"https:\/\/circulopropiedades.uy\/home\/producto\/apartamento-3-dormitorios-2-banos-en-centro\/","title":{"rendered":"Apartamento 3 dormitorios, 2 ba\u00f1os en Centro"},"content":{"rendered":"<p><strong>Precio de venta: USD 149.000<\/strong><br \/>\n<strong>Gastos comunes: $ 8.130<br \/>\nLos gastos comunes incluyen el fondo de reserva<\/strong><br \/>\n<strong>Contribuci\u00f3n inmobiliaria anual: $ 10.500<\/strong><br \/>\n<strong>Acepta banco.<\/strong><br \/>\n<strong>Posible financiaci\u00f3n propia hasta en 12 meses.\u00a0<\/strong><\/p>\n<p>Apartamento de 3 dormitorios, 2 ba\u00f1os en edificio de \u00e9poca con vista a Plaza Independencia.<\/p>\n<p>Muy bien cuidado y mantenido.<\/p>\n<p>Destaca el m\u00e1rmol que reviste el hall de ingreso.<\/p>\n<p>En 4\u00b0 piso del edificio, la unidad se desarrolla de la siguiente manera:<\/p>\n<ul>\n<li>Living comedor amplio con estufa a le\u00f1a, actualmente utilizada con sistema a gas. Puertas corredizas de madera totalmente operativas dividen el ambiente en caso de buscar mayor privacidad.<\/li>\n<li>Cocina con mobiliario bajo mesada, a\u00e9reos y desayunador. Adem\u00e1s ba\u00f1o social completo con ducha. Actualmente utilizado como espacio de almacenamiento.<\/li>\n<li>Pasillo extenso.<\/li>\n<li>Hall de distribuci\u00f3n.<\/li>\n<li>3 dormitorios amplios con pisos de madera en excelente estado de conservaci\u00f3n. 2 de ellos al frente con vista despejada a Pza. Independencia. Excelente ingreso de luz natural. El restante con abertura interior al pozo de aire.<\/li>\n<li>Ba\u00f1o completo<\/li>\n<\/ul>\n<p>La unidad puede ser pensada para uso familiar empresarial o bien combinados. Con oficinas\/consultorios\/salas y sala de reuniones, conferencias, talleres, exposiciones, etc&#8230;<\/p>\n<p>Azotea transitable de uso com\u00fan<\/p>\n<p>Portero el\u00e9ctrico con opci\u00f3n a c\u00e1mara de video<\/p>\n","protected":false},"excerpt":{"rendered":"<p><span style=\"color: #000080\">Ideal familia u oficina<\/span><\/p>\n","protected":false},"featured_media":2791,"template":"","meta":[],"product_brand":[],"product_cat":[24],"product_tag":[],"class_list":{"0":"post-2790","1":"product","2":"type-product","3":"status-publish","4":"has-post-thumbnail","6":"product_cat-ventas","8":"first","9":"instock","10":"shipping-taxable","11":"product-type-simple"},"_links":{"self":[{"href":"https:\/\/circulopropiedades.uy\/home\/wp-json\/wp\/v2\/product\/2790","targetHints":{"allow":["GET"]}}],"collection":[{"href":"https:\/\/circulopropiedades.uy\/home\/wp-json\/wp\/v2\/product"}],"about":[{"href":"https:\/\/circulopropiedades.uy\/home\/wp-json\/wp\/v2\/types\/product"}],"wp:featuredmedia":[{"embeddable":true,"href":"https:\/\/circulopropiedades.uy\/home\/wp-json\/wp\/v2\/media\/2791"}],"wp:attachment":[{"href":"https:\/\/circulopropiedades.uy\/home\/wp-json\/wp\/v2\/media?parent=2790"}],"wp:term":[{"taxonomy":"product_brand","embeddable":true,"href":"https:\/\/circulopropiedades.uy\/home\/wp-json\/wp\/v2\/product_brand?post=2790"},{"taxonomy":"product_cat","embeddable":true,"href":"https:\/\/circulopropiedades.uy\/home\/wp-json\/wp\/v2\/product_cat?post=2790"},{"taxonomy":"product_tag","embeddable":true,"href":"https:\/\/circulopropiedades.uy\/home\/wp-json\/wp\/v2\/product_tag?post=2790"}],"curies":[{"name":"wp","href":"https:\/\/api.w.org\/{rel}","templated":true}]}}