{"id":2647,"date":"2023-10-04T21:42:25","date_gmt":"2023-10-04T21:42:25","guid":{"rendered":"https:\/\/circulopropiedades.uy\/home\/?post_type=product&#038;p=2647"},"modified":"2025-05-28T19:27:33","modified_gmt":"2025-05-28T19:27:33","slug":"destacado-apartamento-con-mejoras-y-patio-exclusivo","status":"publish","type":"product","link":"https:\/\/circulopropiedades.uy\/home\/producto\/destacado-apartamento-con-mejoras-y-patio-exclusivo\/","title":{"rendered":"Destacado apartamento. Con mejoras y patio exclusivo."},"content":{"rendered":"<p><strong>Precio de venta: USD 179.000<br \/>\nGastos comunes: $ 3.000<\/strong><\/p>\n<p>Apartamento emplazado en el coraz\u00f3n de Cord\u00f3n.<\/p>\n<div class=\"ant-col ant-col-24 padding description-container\">\n<div class=\"jsx-1460813596 container\">\n<div class=\"ant-typography property-description\">\n<p>En primer piso de edificio totalmente renovado.<br \/>\nLa unidad remodelada se presenta con mejoras en sus ambientes, moderna, muy c\u00e1lida y funcional.<br \/>\n77 m2 distribuidos en amplio living al frente, dormitorio principal al frente tambi\u00e9n, segundo dormitorio, ambos con placares, ba\u00f1o con jacuzzi, cocina definida con horno empotrado, placa y conexi\u00f3n para lavarropas, comedor y patio exclusivo de 24 m2 totalmente ambientado para ser un espacio de disfrute y relax.<br \/>\nCord\u00f3n es uno de los barrios m\u00e1s demandados por la calidad y cantidad de servicios, por su oferta comercial, cultural, gastron\u00f3mica, deportiva, etc.<br \/>\nCon transporte fluido, centros de salud p\u00fablicos y privados, propuestas educativas para todas las edades p\u00fablicas y privadas, universidades, y mucho m\u00e1s.<br \/>\nCerca de la rambla, del Parque Rod\u00f3, del Shopping Terminal Tres Cruces hacen que sea una inversi\u00f3n de valor en una zona en crecimiento permanente que conserva el clima tranquilo de barrio disfrutable todo el a\u00f1o.<\/p>\n<\/div>\n<\/div>\n<\/div>\n","protected":false},"excerpt":{"rendered":"<p><span style=\"color: #000080\">Excelente ubicaci\u00f3n<\/span><\/p>\n","protected":false},"featured_media":2648,"template":"","meta":[],"product_brand":[],"product_cat":[24],"product_tag":[],"class_list":{"0":"post-2647","1":"product","2":"type-product","3":"status-publish","4":"has-post-thumbnail","6":"product_cat-ventas","8":"first","9":"instock","10":"shipping-taxable","11":"product-type-simple"},"_links":{"self":[{"href":"https:\/\/circulopropiedades.uy\/home\/wp-json\/wp\/v2\/product\/2647","targetHints":{"allow":["GET"]}}],"collection":[{"href":"https:\/\/circulopropiedades.uy\/home\/wp-json\/wp\/v2\/product"}],"about":[{"href":"https:\/\/circulopropiedades.uy\/home\/wp-json\/wp\/v2\/types\/product"}],"wp:featuredmedia":[{"embeddable":true,"href":"https:\/\/circulopropiedades.uy\/home\/wp-json\/wp\/v2\/media\/2648"}],"wp:attachment":[{"href":"https:\/\/circulopropiedades.uy\/home\/wp-json\/wp\/v2\/media?parent=2647"}],"wp:term":[{"taxonomy":"product_brand","embeddable":true,"href":"https:\/\/circulopropiedades.uy\/home\/wp-json\/wp\/v2\/product_brand?post=2647"},{"taxonomy":"product_cat","embeddable":true,"href":"https:\/\/circulopropiedades.uy\/home\/wp-json\/wp\/v2\/product_cat?post=2647"},{"taxonomy":"product_tag","embeddable":true,"href":"https:\/\/circulopropiedades.uy\/home\/wp-json\/wp\/v2\/product_tag?post=2647"}],"curies":[{"name":"wp","href":"https:\/\/api.w.org\/{rel}","templated":true}]}}