{"id":2628,"date":"2023-09-22T19:32:52","date_gmt":"2023-09-22T19:32:52","guid":{"rendered":"https:\/\/circulopropiedades.uy\/home\/?post_type=product&#038;p=2628"},"modified":"2023-09-22T19:32:52","modified_gmt":"2023-09-22T19:32:52","slug":"apartamento-con-vista-despejada-en-inmejorable-punto","status":"publish","type":"product","link":"https:\/\/circulopropiedades.uy\/home\/producto\/apartamento-con-vista-despejada-en-inmejorable-punto\/","title":{"rendered":"Apartamento con vista despejada en inmejorable punto"},"content":{"rendered":"<p><strong>Precio de venta: USD 169.000<br \/>\nPrecio de alquiler $ 29.000<\/strong><br \/>\n<strong>Gastos comunes: $ 4.500<\/strong><br \/>\n<strong>Contribuci\u00f3n: $ 13.000 (dividido en 3 cuotas)<\/strong><br \/>\n<strong>Primaria: $ 1.200<\/strong><br \/>\n<strong>Tributos: $ 1.800<\/strong><\/p>\n<p><strong>Acepta Banco.<\/strong><\/p>\n<p>Fabuloso apartamento en barrio Tres Cruces al l\u00edmite con Cord\u00f3n y Parque Batlle.<br \/>\nUbicaci\u00f3n inmejorable. Es una zona privilegiada, muy c\u00f3moda, segura con todos los servicios y m\u00e1s al alcance de la mano en pocos metros a la redonda.<br \/>\nApartamento al frente con orientaci\u00f3n este recibe muy buena luz y ventilaci\u00f3n natural dada la distribuci\u00f3n de sus ambientes.<br \/>\nLiving comedor muy c\u00f3modo con salida al balc\u00f3n de buenas dimensiones a trav\u00e9s de amplios ventanales.<br \/>\nCocina definida con acceso a la terraza lavadero que cuenta con conexi\u00f3n para lavarropas y tender.<br \/>\nSi bien se pueden dividir, los espacios hoy se encuentran integrados con el balc\u00f3n y es muy funcional.<br \/>\n2 amplios dormitorios con placares, pisos en excelente estado y con vistas despejadas desde ambas ventanas.<br \/>\nBa\u00f1o completo.<br \/>\nA dos cuadras al norte de 18 de Julio, dos cuadras al este de Bvar. Artigas y a 100 metros de Av. Rivera y 200 metros de Jos\u00e9 Enrique Rod\u00f3. La zona le ofrece excelente transporte hacia cualquier punto de la capital.<br \/>\nZona comercial por excelencia, zona de dise\u00f1o, a menos de 10 minutos a pie de Shopping Terminal Tres Cruces, del Parque Batlle y de la plaza Liber Seregni.<br \/>\nPropuestas educativas desde maternal a Bachillerato p\u00fablicas y privadas, Universidades p\u00fablicas y privadas, Centros de salud p\u00fablicos y privados, policl\u00ednicos, propuestas gastron\u00f3micas de todo tipo, mercados gastron\u00f3micos, caf\u00e9s, librer\u00edas, Parkings de gran porte, varios gimnasios, supermercados, 24 horas, ferias, veterinarias y todo tipo de comercios cubrir\u00e1n todas tus necesidades siempre.<br \/>\nBrevemente se inaugurar\u00e1 una nueva sucursal de Tienda Inglesa a menos de 300 metros sobre Av. Rivera.<br \/>\nOtro punto de destaque es su cercan\u00eda y accesibilidad al Parque Rod\u00f3 y Rambla Rep. Argentina.<\/p>\n","protected":false},"excerpt":{"rendered":"<p><span style=\"color: #000080\">Cerca de todo<\/span><\/p>\n","protected":false},"featured_media":2629,"template":"","meta":[],"product_brand":[],"product_cat":[23,24],"product_tag":[],"class_list":{"0":"post-2628","1":"product","2":"type-product","3":"status-publish","4":"has-post-thumbnail","6":"product_cat-alquileres","7":"product_cat-ventas","9":"first","10":"instock","11":"shipping-taxable","12":"product-type-simple"},"_links":{"self":[{"href":"https:\/\/circulopropiedades.uy\/home\/wp-json\/wp\/v2\/product\/2628","targetHints":{"allow":["GET"]}}],"collection":[{"href":"https:\/\/circulopropiedades.uy\/home\/wp-json\/wp\/v2\/product"}],"about":[{"href":"https:\/\/circulopropiedades.uy\/home\/wp-json\/wp\/v2\/types\/product"}],"wp:featuredmedia":[{"embeddable":true,"href":"https:\/\/circulopropiedades.uy\/home\/wp-json\/wp\/v2\/media\/2629"}],"wp:attachment":[{"href":"https:\/\/circulopropiedades.uy\/home\/wp-json\/wp\/v2\/media?parent=2628"}],"wp:term":[{"taxonomy":"product_brand","embeddable":true,"href":"https:\/\/circulopropiedades.uy\/home\/wp-json\/wp\/v2\/product_brand?post=2628"},{"taxonomy":"product_cat","embeddable":true,"href":"https:\/\/circulopropiedades.uy\/home\/wp-json\/wp\/v2\/product_cat?post=2628"},{"taxonomy":"product_tag","embeddable":true,"href":"https:\/\/circulopropiedades.uy\/home\/wp-json\/wp\/v2\/product_tag?post=2628"}],"curies":[{"name":"wp","href":"https:\/\/api.w.org\/{rel}","templated":true}]}}