{"id":2430,"date":"2023-03-01T21:03:06","date_gmt":"2023-03-01T21:03:06","guid":{"rendered":"https:\/\/circulopropiedades.uy\/home\/?post_type=product&#038;p=2430"},"modified":"2023-11-17T23:41:00","modified_gmt":"2023-11-17T23:41:00","slug":"casa-muy-comoda-segura-con-extenso-fondo-y-luz-natural","status":"publish","type":"product","link":"https:\/\/circulopropiedades.uy\/home\/producto\/casa-muy-comoda-segura-con-extenso-fondo-y-luz-natural\/","title":{"rendered":"Casa 2 dormitorios con extenso fondo"},"content":{"rendered":"<p><strong>Precio de venta: US$ 150.000<\/strong><\/p>\n<p>372 m2 totales<br \/>\n116 m2 construidos<br \/>\nSala de estar<br \/>\n2 dormitorios<br \/>\n2 ba\u00f1os<br \/>\nAmplia cocina de 18 m2 con comedor<br \/>\nExtenso fondo con galpones<br \/>\nCochera para 2 veh\u00edculos<\/p>\n<p>Las medidas de los dormitorios son de 12 m2 (con amplio placard de madera de aproximadamente 3 x 2.40 m<br \/>\nx 60cm de profundidad).<br \/>\nLa habitaci\u00f3n principal en suite tiene 28 m2, ba\u00f1o con jacuzzi para 2 personas, amplio vestidor y estar. Excelente ingreso de luz natural tanto hacia el frente como hacia el fondo.<br \/>\nLa casa cuenta con port\u00f3n el\u00e9ctrico en hierro y madera, espacio para 2 autos y balcones en la parte superior con<br \/>\nvistas al este y al oeste. Todas las aberturas tienen rejas<br \/>\npara mayor seguridad.<br \/>\nEl fondo extenso con mucho verde cuenta con arboles frutales, galp\u00f3n de desahogo con parrillero y otro espacio de almacenamiento m\u00e1s peque\u00f1o para herramientas y otros.<br \/>\nLa ubicaci\u00f3n de la casa es ideal, a solo 5 cuadras del parque del prado y del Hotel del Prado y a 6 de Mill\u00e1n y Raffo. Adem\u00e1s emplazada cerca de servicios: Mercados, farmacias, policl\u00ednicas, jardines de infantes, escuelas y colegios con propuestas desde primera infancia a secundaria.<br \/>\nA minutos de Devoto y Tienda Inglesa. El lugar es muy tranquilo y silencioso<br \/>\nL\u00edneas de bus cercanas: 147, 151, 195, 183, 181 y L24.<\/p>\n","protected":false},"excerpt":{"rendered":"<p><span style=\"color: #000080\">L\u00edmite Prado. Amplio espacio verde. Muy silencioso.<\/span><\/p>\n","protected":false},"featured_media":2431,"template":"","meta":[],"product_brand":[],"product_cat":[24],"product_tag":[],"class_list":{"0":"post-2430","1":"product","2":"type-product","3":"status-publish","4":"has-post-thumbnail","6":"product_cat-ventas","8":"first","9":"instock","10":"shipping-taxable","11":"product-type-simple"},"_links":{"self":[{"href":"https:\/\/circulopropiedades.uy\/home\/wp-json\/wp\/v2\/product\/2430","targetHints":{"allow":["GET"]}}],"collection":[{"href":"https:\/\/circulopropiedades.uy\/home\/wp-json\/wp\/v2\/product"}],"about":[{"href":"https:\/\/circulopropiedades.uy\/home\/wp-json\/wp\/v2\/types\/product"}],"wp:featuredmedia":[{"embeddable":true,"href":"https:\/\/circulopropiedades.uy\/home\/wp-json\/wp\/v2\/media\/2431"}],"wp:attachment":[{"href":"https:\/\/circulopropiedades.uy\/home\/wp-json\/wp\/v2\/media?parent=2430"}],"wp:term":[{"taxonomy":"product_brand","embeddable":true,"href":"https:\/\/circulopropiedades.uy\/home\/wp-json\/wp\/v2\/product_brand?post=2430"},{"taxonomy":"product_cat","embeddable":true,"href":"https:\/\/circulopropiedades.uy\/home\/wp-json\/wp\/v2\/product_cat?post=2430"},{"taxonomy":"product_tag","embeddable":true,"href":"https:\/\/circulopropiedades.uy\/home\/wp-json\/wp\/v2\/product_tag?post=2430"}],"curies":[{"name":"wp","href":"https:\/\/api.w.org\/{rel}","templated":true}]}}