{"id":2401,"date":"2023-02-07T19:38:15","date_gmt":"2023-02-07T19:38:15","guid":{"rendered":"https:\/\/circulopropiedades.uy\/home\/?post_type=product&#038;p=2401"},"modified":"2023-02-07T19:42:17","modified_gmt":"2023-02-07T19:42:17","slug":"comodo-apto-todos-los-servicios-a-3-cuadras-de-rambla-ideal-estudiantes","status":"publish","type":"product","link":"https:\/\/circulopropiedades.uy\/home\/producto\/comodo-apto-todos-los-servicios-a-3-cuadras-de-rambla-ideal-estudiantes\/","title":{"rendered":"C\u00f3modo apto. Todos los servicios, a 3 cuadras de rambla. Ideal estudiantes."},"content":{"rendered":"<p><strong>Alquiler: $ 16.500<\/strong><br \/>\n<strong>GC: $ 1.891<\/strong><\/p>\n<p>Apartamento al fondo en propiedad horizontal con unidades en planta baja y un primer piso.<\/p>\n<p>Acceso por escaleras la propiedad cuenta con rejas de seguridad al ingreso y c\u00e1maras de circuito cerrado.<\/p>\n<p>Ubicado a menos de 300 metros de 18 de julio y a menos de 300 metros de la rambla se encuentra en muy buen punto de la ciudad.<\/p>\n<p>Reci\u00e9n pintada, la unidad cuenta con muebles bajo mesada en cocina y a\u00e9reos con buena capacidad adem\u00e1s el espacio designado para electrodom\u00e9sticos.<\/p>\n<p>Puerta de conexi\u00f3n con peque\u00f1o patio, ventana y extracci\u00f3n de aire.<\/p>\n<p>El ba\u00f1o es completo como se ve en las im\u00e1genes y tambi\u00e9n posee ventilaci\u00f3n e ingreso de luz.<\/p>\n<p>En el living comedor encontramos espacio de almacenamiento empotrado en una de las paredes, aire acondicionado e instalaciones.<\/p>\n<p>Dormitorio con amplio placard de gran capacidad de almacenamiento y luz. Adem\u00e1s de un peque\u00f1o placard empotrado tambi\u00e9n.<\/p>\n<p>Piso de madera en muy buen estado y ventana.<\/p>\n<p>Conexiones el\u00e9ctricas y para tv cable.<\/p>\n<p>Acepta mascotas peque\u00f1as<\/p>\n<p>GC econ\u00f3micos.<\/p>\n<p>Garant\u00edas: FIDECIU, ANDA, CGN y aseguradoras<\/p>\n<p>No dudes en consultarnos.<\/p>\n","protected":false},"excerpt":{"rendered":"<p><span style=\"color: #000080\">Ideal estudiante o pareja<\/span><\/p>\n","protected":false},"featured_media":2415,"template":"","meta":[],"product_brand":[],"product_cat":[23],"product_tag":[],"class_list":{"0":"post-2401","1":"product","2":"type-product","3":"status-publish","4":"has-post-thumbnail","6":"product_cat-alquileres","8":"first","9":"instock","10":"shipping-taxable","11":"product-type-simple"},"_links":{"self":[{"href":"https:\/\/circulopropiedades.uy\/home\/wp-json\/wp\/v2\/product\/2401","targetHints":{"allow":["GET"]}}],"collection":[{"href":"https:\/\/circulopropiedades.uy\/home\/wp-json\/wp\/v2\/product"}],"about":[{"href":"https:\/\/circulopropiedades.uy\/home\/wp-json\/wp\/v2\/types\/product"}],"wp:featuredmedia":[{"embeddable":true,"href":"https:\/\/circulopropiedades.uy\/home\/wp-json\/wp\/v2\/media\/2415"}],"wp:attachment":[{"href":"https:\/\/circulopropiedades.uy\/home\/wp-json\/wp\/v2\/media?parent=2401"}],"wp:term":[{"taxonomy":"product_brand","embeddable":true,"href":"https:\/\/circulopropiedades.uy\/home\/wp-json\/wp\/v2\/product_brand?post=2401"},{"taxonomy":"product_cat","embeddable":true,"href":"https:\/\/circulopropiedades.uy\/home\/wp-json\/wp\/v2\/product_cat?post=2401"},{"taxonomy":"product_tag","embeddable":true,"href":"https:\/\/circulopropiedades.uy\/home\/wp-json\/wp\/v2\/product_tag?post=2401"}],"curies":[{"name":"wp","href":"https:\/\/api.w.org\/{rel}","templated":true}]}}