{"id":1165,"date":"2022-11-23T21:58:46","date_gmt":"2022-11-23T21:58:46","guid":{"rendered":"https:\/\/circulopropiedades.uy\/home\/?page_id=1165"},"modified":"2022-11-26T17:40:16","modified_gmt":"2022-11-26T17:40:16","slug":"nosotros","status":"publish","type":"page","link":"https:\/\/circulopropiedades.uy\/home\/nosotros\/","title":{"rendered":"Nosotros"},"content":{"rendered":"<h3 style=\"text-align: left;\"><span style=\"text-decoration: underline;\"><strong>Nuestra Misi\u00f3n<img loading=\"lazy\" decoding=\"async\" class=\"size-medium wp-image-1430 alignright\" src=\"http:\/\/circulopropiedades.uy\/home\/wp-content\/uploads\/2022\/11\/LOGOinmobiliariaAzulPNG-8-158x300.png\" alt=\"\" width=\"158\" height=\"300\" \/><\/strong><\/span><\/h3>\n<p>Crear el mejor servicio, que facilite tanto a personas como a empresas la b\u00fasqueda del inmueble que desean.<br \/>\nNo causar da\u00f1os innecesarios, utilizar el negocio para inspirar e implementar soluciones. Para lograrlo, hemos establecido una cultura que apoya a los miembros de nuestro equipo para que ellos puedan dar un servicio excepcional a nuestros clientes. Buscando cubrir todas sus necesidades con un compromiso real, serio, transparente y amable. Acompa\u00f1ando todo el proceso. Antes, durante y despu\u00e9s de la transici\u00f3n.<\/p>\n<h3 style=\"text-align: left;\"><span style=\"text-decoration: underline;\"><strong>Nuestra Visi\u00f3n<\/strong><\/span><\/h3>\n<p>El objetivo a futuro se centra en ser la empresa l\u00edder tanto en la compra-venta-alquiler o administraci\u00f3n de inmuebles.<br \/>\nSe enfoca en conseguir un modelo de negocio que sea sostenible de todas las formas posibles.<br \/>\nTener al cliente en el centro de sus acciones y decisiones.<br \/>\nMantener un ambiente c\u00e1lido y amigable, siempre.<\/p>\n<h3 style=\"text-align: left;\"><span style=\"text-decoration: underline;\"><strong>Nuestros Valores<\/strong><\/span><\/h3>\n<p>Para ser l\u00edderes de nuestro sector, los valores de Circulo propiedades est\u00e1n enfocados en:<\/p>\n<ul>\n<li>Seriedad<\/li>\n<li>Profesionales capacitados<\/li>\n<li>Trabajo en equipo, cultura de calidez y pertenencia.<\/li>\n<li>Compromiso.<\/li>\n<li>Honestidad.<\/li>\n<li>Transparencia<\/li>\n<li>Innovaci\u00f3n.<\/li>\n<li>Obsesi\u00f3n por el cliente.<\/li>\n<\/ul>\n<h3 style=\"text-align: left;\"><span style=\"text-decoration: underline;\"><strong>Nuestro Compromiso \u2013 Nuestra Propuesta de Valor<img loading=\"lazy\" decoding=\"async\" class=\"alignright size-medium wp-image-1550\" src=\"http:\/\/circulopropiedades.uy\/home\/wp-content\/uploads\/2022\/11\/Asesoramiento-notarial-300x200.jpg\" alt=\"\" width=\"300\" height=\"200\" srcset=\"https:\/\/circulopropiedades.uy\/home\/wp-content\/uploads\/2022\/11\/Asesoramiento-notarial-300x200.jpg 300w, https:\/\/circulopropiedades.uy\/home\/wp-content\/uploads\/2022\/11\/Asesoramiento-notarial-scaled-800x533.jpg 800w, https:\/\/circulopropiedades.uy\/home\/wp-content\/uploads\/2022\/11\/Asesoramiento-notarial-scaled-64x43.jpg 64w, https:\/\/circulopropiedades.uy\/home\/wp-content\/uploads\/2022\/11\/Asesoramiento-notarial-1024x683.jpg 1024w, https:\/\/circulopropiedades.uy\/home\/wp-content\/uploads\/2022\/11\/Asesoramiento-notarial-768x512.jpg 768w, https:\/\/circulopropiedades.uy\/home\/wp-content\/uploads\/2022\/11\/Asesoramiento-notarial-1536x1024.jpg 1536w, https:\/\/circulopropiedades.uy\/home\/wp-content\/uploads\/2022\/11\/Asesoramiento-notarial-2048x1365.jpg 2048w, https:\/\/circulopropiedades.uy\/home\/wp-content\/uploads\/2022\/11\/Asesoramiento-notarial-1200x800.jpg 1200w\" sizes=\"auto, (max-width: 300px) 85vw, 300px\" \/><\/strong><\/span><\/h3>\n<p>Asesoramos durante la b\u00fasqueda de inmuebles con profesionalidad, trasparencia y responsabilidad.<br \/>\nTratamos de optimizar el tiempo a nuestros Clientes y les garantizamos uno de los mejores precios del mercado.<br \/>\nNos gusta trabajar con cada cliente de forma personalizada y nos encargamos de todo el proceso.<\/p>\n<p>Ponemos todos nuestros recursos, tanto materiales como t\u00e9cnicos y humanos al servicio de nuestros clientes, fomentando una comunicaci\u00f3n permanente, clara y de confianza durante toda la operativa y posterior a ella. Estando siempre al alcance de quienes nos requieren y adapt\u00e1ndonos a sus necesidades.<a href=\"https:\/\/circulopropiedades.uy\/home\/equipo\/\"> mas info..<\/a><\/p>\n","protected":false},"excerpt":{"rendered":"<p>Nuestra Misi\u00f3n Crear el mejor servicio, que facilite tanto a personas como a empresas la b\u00fasqueda del inmueble que desean. No causar da\u00f1os innecesarios, utilizar el negocio para inspirar e implementar soluciones. Para lograrlo, hemos establecido una cultura que apoya a los miembros de nuestro equipo para que ellos puedan dar un servicio excepcional a &hellip; <a href=\"https:\/\/circulopropiedades.uy\/home\/nosotros\/\" class=\"more-link\">Continue reading<span class=\"screen-reader-text\"> \u00abNosotros\u00bb<\/span><\/a><\/p>\n","protected":false},"author":1,"featured_media":0,"parent":0,"menu_order":0,"comment_status":"closed","ping_status":"closed","template":"","meta":{"footnotes":""},"class_list":["post-1165","page","type-page","status-publish","hentry"],"_links":{"self":[{"href":"https:\/\/circulopropiedades.uy\/home\/wp-json\/wp\/v2\/pages\/1165","targetHints":{"allow":["GET"]}}],"collection":[{"href":"https:\/\/circulopropiedades.uy\/home\/wp-json\/wp\/v2\/pages"}],"about":[{"href":"https:\/\/circulopropiedades.uy\/home\/wp-json\/wp\/v2\/types\/page"}],"author":[{"embeddable":true,"href":"https:\/\/circulopropiedades.uy\/home\/wp-json\/wp\/v2\/users\/1"}],"replies":[{"embeddable":true,"href":"https:\/\/circulopropiedades.uy\/home\/wp-json\/wp\/v2\/comments?post=1165"}],"version-history":[{"count":14,"href":"https:\/\/circulopropiedades.uy\/home\/wp-json\/wp\/v2\/pages\/1165\/revisions"}],"predecessor-version":[{"id":1554,"href":"https:\/\/circulopropiedades.uy\/home\/wp-json\/wp\/v2\/pages\/1165\/revisions\/1554"}],"wp:attachment":[{"href":"https:\/\/circulopropiedades.uy\/home\/wp-json\/wp\/v2\/media?parent=1165"}],"curies":[{"name":"wp","href":"https:\/\/api.w.org\/{rel}","templated":true}]}}